 - k/(-5))*5/(-1). Let u(i) = 21*i**2 + 9*i + 17. Is u(j) composite?
False
Suppose 63*b - 122*b + 3211193 = 0. Is b a composite number?
True
Let n = 57 + -65. Let c(f) = -137*f - 19. Let u(b) = -137*b - 20. Let x(h) = 5*c(h) - 4*u(h). Is x(n) composite?
True
Let f be (2/7)/(1/7). Suppose b - 3 - 8 = 2*n, -f*n - 8 = 0. Suppose -b*i = -2894 - 2017. Is i a prime number?
True
Suppose 0 = -5*x + 2*n - 2 - 4, -x - 6 = -2*n. Suppose -2*i - 4*o - 264522 = x, -2*i - o - 437245 + 172717 = 0. Is i/(-45) + (-7)/((-189)/(-6)) a prime number?
True
Suppose -12*n - 8 = -140. Suppose 0*c = 3*c + 2*q - n, -q + 23 = 5*c. Suppose 0 = -y + 4, -c*a - 6*y = -y - 11235. Is a a prime number?
True
Suppose -3*s - 191 = 55. Let i = s - 413. Let a = i + 712. Is a a prime number?
False
Suppose -2*c - 4998 + 263 = 3*j, -4*j = -2*c + 6318. Let t = j - -865. Is (-180710)/t + (-4)/42 a composite number?
True
Is ((-130)/20 - -7) + 654765/2 a prime number?
False
Suppose 0 = -110*p + 100*p + 1617940. Is p a composite number?
True
Is 54/(-15) + (-114505499)/(-565) prime?
True
Suppose -2663*x = -2711*x + 9339312. Is x a prime number?
True
Suppose 0 = 27*x - 30*x - 4*n + 213363, 4*n = -7*x + 497815. Is x composite?
True
Let w(h) = -77*h**3 - 10*h**2 + 26*h + 17. Is w(-8) a prime number?
True
Suppose 5*c + 52*w - 53*w = 363070, -580919 = -8*c + 3*w. Is c composite?
False
Let g(w) = 13716*w + 715. Is g(5) a composite number?
True
Let r(b) = -9905*b + 2873. Is r(-42) composite?
False
Suppose b + 0*v - 5*v = 8, 3*v - 2 = 4*b. Let k(l) = -l + 7. Let i be k(5). Is (-3)/(-2)*i + (-1076)/b composite?
False
Suppose -5*q + 3*b = -767797, 28*q - 25*q = -4*b + 460655. Is q a prime number?
True
Let h be (16/(-2))/(-2 + 0). Let d be 19*(-21 - h)*1. Is (-3 + -5)/4 - d composite?
True
Suppose -12*r + 103320 = -4*r. Let m = r - -10734. Is m a prime number?
False
Suppose 12*p - 4*p - 80 = 0. Suppose p*q - 7*q = -r + 967, -4771 = -5*r + q. Is r a prime number?
False
Let d(y) be the second derivative of 28*y**4 - 9*y**3 + 23*y**2/2 + 83*y. Is d(-17) a prime number?
False
Suppose -155*p + 1921885 - 453100 = -140*p. Is p composite?
False
Suppose -3*d + 307833 = 4*s, 3*d = -44*s + 41*s + 307830. Is d a prime number?
True
Suppose 3*a - 2*o - 1853521 = 0, 406*o - 3089219 = -5*a + 405*o. Is a a composite number?
False
Is (6 - 55)*(-20)/3*24 + 1 a prime number?
True
Let i = 5021022 + -3266807. Is i a composite number?
True
Suppose 9*w = 167785 + 657434. Is w prime?
True
Suppose -w - i = -297, -14*w + 1188 = -10*w - i. Suppose x - 1482 = -2*s, -3*s + 2*s - x + 740 = 0. Let b = s - w. Is b prime?
False
Let p(j) = j + 24. Let w be p(5). Suppose -w - 11 = -5*l. Suppose -l = -4*s, -5*f - 1601 = -8*f + 2*s. Is f prime?
False
Let t = 421 + -202. Is t - 2*(-2 + 5) a composite number?
True
Let l be 5 - (290/(-14) - (-44)/(-154)). Is (l/39)/((-1)/(-2157)*2) prime?
True
Let i = -450839 + 810496. Is i prime?
True
Suppose -42 = -4*a - 82. Let y be 0*(-2 - 25/a). Suppose -5*h + 7*h - 2498 = y. Is h composite?
False
Let s(z) = -z**2 - 8*z - 3. Let u be s(-6). Suppose 143377 = 4*t + u*t. Is t prime?
False
Let v be 18/42*10 - 2/7. Suppose 2*g - 1873 = b, -4*b + 3721 = v*g - b. Suppose 4*l + 727 = s, -2*s + 3*l = -g - 540. Is s composite?
False
Suppose -33*o + 17658067 = 4*o - 4264692. Is o a composite number?
False
Let l be 43129 + 17/((-153)/54). Let w = -29280 + l. Is w a prime number?
False
Let g(w) = -287*w + 28. Let s(v) = 573*v - 55. Let c(a) = -5*g(a) - 2*s(a). Is c(7) composite?
False
Is (-232251)/2*-2 - (-40)/35*7 prime?
True
Let d = -4528 + 6417. Is d a prime number?
True
Is (-23344032)/(-256) + (-10)/16 composite?
True
Let v be ((-7)/2)/((-18)/(-47484)). Is -4 - (-3)/((-3)/v) prime?
False
Suppose -2*a + 450 = 444. Suppose 3*w - 1684 = -o, -a*o - w = -3*w - 5085. Is o a prime number?
True
Let k = 724786 + 633223. Is k prime?
True
Let j(x) = 30*x**3 - 11*x**2 + 6*x - 22. Let l be j(10). Let f = -11165 + l. Is f a prime number?
False
Let l(s) = 9*s - 21. Let b be l(3). Suppose 2*y - b + 2 = 0. Is (1872 - 2) + -1 + y composite?
False
Let f(y) = -25*y - 22. Let q be f(-1). Suppose 820 = 2*s - q*g - 4086, 3*s - g - 7359 = 0. Is s prime?
False
Let b(w) = w**3 - 7*w**2 + 2. Let s be b(7). Let r be 1/(7/s) - 34/119. Suppose -11*o = -r*o - 20845. Is o a composite number?
True
Let z(f) = -f**3 + f**2 + f + 1. Let c(k) = -79*k**3 + 3*k**2 + 3*k + 15. Let w(o) = -c(o) + 6*z(o). Is w(2) prime?
True
Let w(t) = -902*t**3 + 24*t**2 + 42*t - 17. Is w(-6) prime?
True
Let w(x) = 273*x - 3784. Is w(125) a composite number?
False
Is (-1)/(-2)*(-2 - -177444) a composite number?
False
Is -1*(84 + -79)*(1 + -312930) composite?
True
Let r be ((-5)/(-6 - -11))/(2/(-8)). Suppose -5*v + 14513 + 32992 = 5*d, 5*v + r*d = 47509. Is v composite?
True
Suppose -4*o - 31 = -4*r + 53, -3*o = 4*r - 56. Suppose r*p + 58282 = 178251. Is p a prime number?
True
Let b be (-135)/(-21) - -2 - (-40)/70. Suppose b*g - 113801 = -22*g. Is g prime?
True
Let b(k) = 3*k + 32. Let h be b(-12). Let m be (39/h)/(-3) - 3/12. Is -293*(m + (-3 - 1)) composite?
False
Let k(y) = -212*y**3 + 2*y**2 - 3*y + 1. Suppose -d = 4*d + 10. Is k(d) a composite number?
True
Is -11*12/(-132) + 459912 composite?
False
Let p = 101 + -76. Let v = p - 21. Suppose v*i = 3*i + 1637. Is i prime?
True
Let n = 8794 - 7707. Is n composite?
False
Suppose 0 = -2*z + 3*w - 9004, 5*w = -6*z + 2*z - 18008. Let y = z + 8773. Is y a composite number?
False
Let c = -26 + 32. Suppose -11724 - 3750 = -c*i. Is i a composite number?
False
Let m = -6884 + 10555. Is m composite?
False
Let u(w) = 107*w**3 + w**2 + 5*w - 5. Let q = 356 - 352. Is u(q) a composite number?
True
Suppose -4*s = -0*s + 12, -5*a + 62 = -4*s. Let r be 38324/(-20) + (-38)/a + 3. Let f = 4546 + r. Is f a composite number?
True
Suppose 5*q - 100785 = -k, 26*k = 4*q + 25*k - 80637. Is q composite?
True
Let h(a) = 12901*a - 419. Is h(10) composite?
False
Is (-9)/30*24/36*-3251935 a composite number?
False
Suppose 99235 = 5*o + 5*v, -o + 2*v = 5*v - 19859. Is o a prime number?
True
Let s(u) = 211*u + 223. Suppose 2*a + 80 = 3*q, -q + 6*a - 9*a + 12 = 0. Is s(q) a composite number?
True
Let v be ((-54)/36)/((-3)/(-10)). Let p(j) = -35*j**3 - 16*j**2 + 7*j + 9. Is p(v) composite?
True
Let t(g) = -27*g**3 - 389*g**3 - 683*g**2 - g + 681*g**2. Let r = -12 - -11. Is t(r) prime?
False
Let q(i) = -11*i - 48. Let r be q(-5). Let h(b) = 5*b**2 - b - 2. Let d be h(r). Is 1/(-2)*(-5)/(10/d) composite?
False
Suppose -37*y = -35*y - 146. Suppose -v + y = -303. Let q = v + 463. Is q a prime number?
True
Let o(m) = -34*m**3 + 32*m - 32. Let s be o(1). Is (-6082)/s - ((-318)/102 + 3) composite?
False
Let w(i) = 29712*i**3 - 6*i**2 + 17*i + 10. Is w(3) a prime number?
True
Let l(a) = 21*a**2 - 7*a - 17. Suppose -8*o = -5*o + 300. Let t = 91 + o. Is l(t) a prime number?
True
Suppose -8 = 4*s, 5*m - 19998 = 7*s - 3*s. Let c = m + 3037. Is (2/(-3))/((-14)/c) prime?
False
Is (-38091)/4*(-2072)/222 prime?
False
Suppose -2*v = 3*l - 233, l - 221 = -2*l + v. Let x = l - 72. Let o(k) = 24*k**2 - 6*k + 13. Is o(x) a prime number?
True
Let t = -171232 - -318129. Is t composite?
True
Let c(d) = 2942*d + 236. Let q be c(10). Suppose 0*m + q = 8*m. Is m composite?
True
Let o = -114 + 63. Let y = -89 - o. Let n = 135 + y. Is n composite?
False
Let u(f) = f - 24. Let o be u(7). Let b(n) = -248*n + 67. Is b(o) a prime number?
True
Let b(a) = -a**2 - 8*a - 5. Let h be b(-3). Suppose -4*l - 1274 = h*l. Is -1*(13/l - (-19396)/(-7)) prime?
False
Let t(n) = 312*n**2 + 4*n + 5. Let q(s) = 14*s + 36. Let x be q(-3). Is t(x) a prime number?
True
Let f = -13 + 240. Suppose 6*z + f = -1111. Is (11 - 12)*1*z composite?
False
Let b(o) = -62*o + 32. Let w be b(-7). Suppose -w = 3*h - 5437. Is h a prime number?
True
Let q(k) = -6*k + 68. Let t be q(-29). Suppose 0 = -5*v + 3*z + t, 4*z - 249 = 21*v - 26*v. Is v composite?
True
Let r be (3/(-9))/((-1)/(-3)). Let u(k) = -3*k**3 - 3*k - 2. Let f be u(r). Suppose -w - f*w = j - 3155, 3*w - 1893 = -5*j. Is w composite?
False
Let p be (-39)/15 + 3 - 468/45. Let t = p + 1208. Is t a composite number?
True
Suppose -181439 = -17*w + 385698. Is w a prime number?
False
Let i = 17024 - 11456. Let a = 15281 + i. Is a composite?
False
Let y(v) = 